{"id":2,"date":"2012-05-29T14:26:20","date_gmt":"2012-05-29T14:26:20","guid":{"rendered":"http:\/\/www.murermestermartinnilsson.dk\/?page_id=2"},"modified":"2023-08-29T16:50:18","modified_gmt":"2023-08-29T16:50:18","slug":"sample-page","status":"publish","type":"page","link":"https:\/\/www.murermestermartinnilsson.dk\/?page_id=2","title":{"rendered":"Om Firmaet"},"content":{"rendered":"<p>Vi er et mindre murerfirma som har eksisteret siden 1996. Vi udf\u00f8rer\u00a0 mange former for opgaver indenfor murerfaget, herunder:<\/p>\n<ul>\n<li>Ombygning,\u00a0tilbygning og nybygning<\/li>\n<li>Facaderenovering<\/li>\n<li>Badev\u00e6relse \/ k\u00f8kken<\/li>\n<li>Flisearbejde \/\u00a0klinkearbejde<\/li>\n<li>Gravearbejde<\/li>\n<li>Betonarbejde og fundamenter<\/li>\n<\/ul>\n<p>Uanset om det drejer sig om en mindre reparationsopgave eller en st\u00f8rre tilbygning, vil det v\u00e6re os en forn\u00f8jelse at hj\u00e6lpe med netop dit murerarbejde.<\/p>\n<p>Har du brug for en omhyggelig og erfaren murermester, er du meget velkommen til at kontakte os for et godt tilbud og for at f\u00e5 inspiration til, hvordan vi i f\u00e6llesskab kan l\u00f8se din forest\u00e5ende opgave.<\/p>\n<p>Vi udf\u00f8rer alle former for murerarbejde i K\u00f8benhavn, herunder Br\u00f8nsh\u00f8j, Utterslev, Herlev, Husum, Gentofte, Vestegnen, Sydsj\u00e6lland,\u00a0 Nordsj\u00e6lland og Stork\u00f8benhavn.<\/p>\n","protected":false},"excerpt":{"rendered":"<p>Vi er et mindre murerfirma som har eksisteret siden 1996. Vi udf\u00f8rer\u00a0 mange former for opgaver indenfor murerfaget, herunder: Ombygning,\u00a0tilbygning og nybygning Facaderenovering Badev\u00e6relse \/ k\u00f8kken Flisearbejde \/\u00a0klinkearbejde Gravearbejde Betonarbejde og fundamenter Uanset om det drejer sig om en mindre reparationsopgave eller en st\u00f8rre tilbygning, vil det v\u00e6re os en forn\u00f8jelse at hj\u00e6lpe med netop [&hellip;]<\/p>\n","protected":false},"author":1,"featured_media":0,"parent":0,"menu_order":0,"comment_status":"closed","ping_status":"open","template":"","meta":{"ngg_post_thumbnail":0,"footnotes":""},"_links":{"self":[{"href":"https:\/\/www.murermestermartinnilsson.dk\/index.php?rest_route=\/wp\/v2\/pages\/2"}],"collection":[{"href":"https:\/\/www.murermestermartinnilsson.dk\/index.php?rest_route=\/wp\/v2\/pages"}],"about":[{"href":"https:\/\/www.murermestermartinnilsson.dk\/index.php?rest_route=\/wp\/v2\/types\/page"}],"author":[{"embeddable":true,"href":"https:\/\/www.murermestermartinnilsson.dk\/index.php?rest_route=\/wp\/v2\/users\/1"}],"replies":[{"embeddable":true,"href":"https:\/\/www.murermestermartinnilsson.dk\/index.php?rest_route=%2Fwp%2Fv2%2Fcomments&post=2"}],"version-history":[{"count":6,"href":"https:\/\/www.murermestermartinnilsson.dk\/index.php?rest_route=\/wp\/v2\/pages\/2\/revisions"}],"predecessor-version":[{"id":83,"href":"https:\/\/www.murermestermartinnilsson.dk\/index.php?rest_route=\/wp\/v2\/pages\/2\/revisions\/83"}],"wp:attachment":[{"href":"https:\/\/www.murermestermartinnilsson.dk\/index.php?rest_route=%2Fwp%2Fv2%2Fmedia&parent=2"}],"curies":[{"name":"wp","href":"https:\/\/api.w.org\/{rel}","templated":true}]}}